factors of 1288?
2, 7, 23
What are the prime factors of 28655?
5, 11, 521
List the prime factors of 313.
313
What are the prime factors of 35620?
2, 5, 13, 137
What are the prime factors of 1563?
3, 521
What are the prime factors of 15454?
2, 7727
List the prime factors of 2377.
2377
What are the prime factors of 1353?
3, 11, 41
What are the prime factors of 1749?
3, 11, 53
List the prime factors of 5967.
3, 13, 17
List the prime factors of 53477.
53, 1009
What are the prime factors of 1089?
3, 11
What are the prime factors of 2235?
3, 5, 149
What are the prime factors of 67?
67
List the prime factors of 10343.
10343
List the prime factors of 31376.
2, 37, 53
What are the prime factors of 1850?
2, 5, 37
What are the prime factors of 12?
2, 3
List the prime factors of 3775.
5, 151
What are the prime factors of 1393?
7, 199
List the prime factors of 110633.
317, 349
List the prime factors of 19325.
5, 773
List the prime factors of 499.
499
List the prime factors of 500.
2, 5
List the prime factors of 29114.
2, 14557
List the prime factors of 10833.
3, 23, 157
List the prime factors of 128157.
3, 42719
What are the prime factors of 33095?
5, 6619
List the prime factors of 26266.
2, 23, 571
List the prime factors of 11227.
103, 109
List the prime factors of 4929.
3, 31, 53
What are the prime factors of 171677?
11, 15607
List the prime factors of 43601.
59, 739
What are the prime factors of 6752?
2, 211
List the prime factors of 834.
2, 3, 139
What are the prime factors of 3542?
2, 7, 11, 23
List the prime factors of 6217.
6217
What are the prime factors of 373?
373
What are the prime factors of 30450?
2, 3, 5, 7, 29
List the prime factors of 29694.
2, 3, 7, 101
List the prime factors of 17123.
17123
What are the prime factors of 14184?
2, 3, 197
What are the prime factors of 5311?
47, 113
What are the prime factors of 39045?
3, 5, 19, 137
List the prime factors of 707.
7, 101
List the prime factors of 23480.
2, 5, 587
What are the prime factors of 8777?
67, 131
List the prime factors of 128436.
2, 3, 7, 11, 139
List the prime factors of 71126.
2, 11, 53, 61
List the prime factors of 27205.
5, 5441
List the prime factors of 848.
2, 53
List the prime factors of 13244.
2, 7, 11, 43
What are the prime factors of 828?
2, 3, 23
What are the prime factors of 12873?
3, 7, 613
List the prime factors of 699.
3, 233
What are the prime factors of 5379?
3, 11, 163
List the prime factors of 1104.
2, 3, 23
List the prime factors of 596.
2, 149
What are the prime factors of 1333?
31, 43
What are the prime factors of 4046?
2, 7, 17
What are the prime factors of 8153?
31, 263
What are the prime factors of 10274?
2, 11, 467
What are the prime factors of 2934?
2, 3, 163
List the prime factors of 842.
2, 421
List the prime factors of 863.
863
What are the prime factors of 16137?
3, 11, 163
What are the prime factors of 2084?
2, 521
What are the prime factors of 5116?
2, 1279
List the prime factors of 2896.
2, 181
What are the prime factors of 412?
2, 103
What are the prime factors of 2288?
2, 11, 13
What are the prime factors of 2125?
5, 17
What are the prime factors of 34966?
2, 17483
List the prime factors of 17946.
2, 3, 997
What are the prime factors of 9804?
2, 3, 19, 43
What are the prime factors of 7558?
2, 3779
What are the prime factors of 88097?
37, 2381
List the prime factors of 203.
7, 29
What are the prime factors of 11923?
11923
List the prime factors of 4141.
41, 101
List the prime factors of 34637.
19, 1823
List the prime factors of 2072.
2, 7, 37
What are the prime factors of 17980?
2, 5, 29, 31
What are the prime factors of 5357?
11, 487
List the prime factors of 1986.
2, 3, 331
List the prime factors of 59560.
2, 5, 1489
List the prime factors of 1064.
2, 7, 19
What are the prime factors of 732?
2, 3, 61
What are the prime factors of 67808?
2, 13, 163
What are the prime factors of 12422?
2, 6211
List the prime factors of 8317.
8317
What are the prime factors of 21492?
2, 3, 199
What are the prime factors of 4697?
7, 11, 61
List the prime factors of 1725.
3, 5, 23
What are the prime factors of 84230?
2, 5, 8423
What are the prime factors of 10146?
2, 3, 19, 89
What are the prime factors of 4855?
5, 971
List the prime factors of 34166.
2, 11, 1553
What are the prime factors of 4261?
4261
What are the prime factors of 10240?
2, 5
List the prime factors of 4918.
2, 2459
List the prime factors of 6435.
3, 5, 11, 13
List the prime factors of 364.
2, 7, 13
What are the prime factors of 31875?
3, 5, 17
What are the prime factors of 20907?
3, 23, 101
List the prime factors of 91489.
191, 479
List the prime factors of 120.
2, 3, 5
List the prime factors of 2757.
3, 919
List the prime factors of 2661.
3, 887
List the prime factors of 3687.
3, 1229
What are the prime factors of 5165?
5, 1033
List the prime factors of 32232.
2, 3, 17, 79
List the prime factors of 1311.
3, 19, 23
What are the prime factors of 1703?
13, 131
List the prime factors of 344.
2, 43
What are the prime factors of 18350?
2, 5, 367
List the prime factors of 4309.
31, 139
What are the prime factors of 3701?
3701
What are the prime factors of 6275?
5, 251
What are the prime factors of 84283?
89, 947
What are the prime factors of 982?
2, 491
What are the prime factors of 1651?
13, 127
What are the prime factors of 25203?
3, 31, 271
List the prime factors of 40068.
2, 3, 7, 53
List the prime factors of 34469.
34469
What are the prime factors of 5007?
3, 1669
What are the prime factors of 16530?
2, 3, 5, 19, 29
What are the prime factors of 4874?
2, 2437
List the prime factors of 8452.
2, 2113
List the prime factors of 6762.
2, 3, 7, 23
List the prime factors of 9954.
2, 3, 7, 79
What are the prime factors of 4603?
4603
List the prime factors of 76.
2, 19
List the prime factors of 2488.
2, 311
What are the prime factors of 11053?
7, 1579
List the prime factors of 111612.
2, 3, 71, 131
List the prime factors of 116731.
116731
What are the prime factors of 1458?
2, 3
What are the prime factors of 760?
2, 5, 19
List the prime factors of 11045.
5, 47
What are the prime factors of 2744?
2, 7
List the prime factors of 7438.
2, 3719
What are the prime factors of 1178?
2, 19, 31
What are the prime factors of 1459?
1459
List the prime factors of 12099.
3, 37, 109
List the prime factors of 1116.
2, 3, 31
What are the prime factors of 997?
997
What are the prime factors of 4059?
3, 11, 41
List the prime factors of 88545.
3, 5, 5903
What are the prime factors of 1761?
3, 587
What are the prime factors of 984?
2, 3, 41
List the prime factors of 39204.
2, 3, 11
List the prime factors of 183.
3, 61
What are the prime factors of 738?
2, 3, 41
What are the prime factors of 937?
937
List the prime factors of 304.
2, 19
List the prime factors of 3209.
3209
List the prime factors of 35830.
2, 5, 3583
What are the prime factors of 963?
3, 107
List the prime factors of 100.
2, 5
List the prime factors of 688.
2, 43
List the prime factors of 66068.
2, 83, 199
What are the prime factors of 377?
13, 29
List the prime factors of 1857.
3, 619
What are the prime factors of 39883?
39883
List the prime factors of 38033.
73, 521
What are the prime factors of 1130?
2, 5, 113
List the prime factors of 23458.
2, 37, 317
What are the prime factors of 1242?
2, 3, 23
What are the prime factors of 11538?
2, 3, 641
List the prime factors of 2003.
2003
What are the prime factors of 631?
631
List the prime factors of 3930.
2, 3, 5, 131
List the prime factors of 1282.
2, 641
What are the prime factors of 3511?
3511
What are the prime factors of 10909?
10909
What are the prime factors of 1295?
5, 7, 37
List the prime factors of 42463.
42463
What are the prime factors of 6408?
2, 3, 89
What are the prime factors of 2791?
2791
List the prime factors of 37906.
2, 11, 1723
What are the prime factors of 11590?
2, 5, 19, 61
What are the prime factors of 1834?
2, 7, 131
List the prime factors of 8584.
2, 29, 37
What are the prime factors of 33826?
2, 13, 1301
List the prime factors of 1214.
2, 607
What are the prime factors of 1538?
2, 769
What are the prime factors of 148148?
2, 7, 11, 13, 37
What are the prime factors of 49319?
149, 331
What are the prime factors of 11502?
2, 3, 71
List the prime factors of 3091.
11, 281
What are the pr